{"id":2267,"date":"2016-09-14T00:41:49","date_gmt":"2016-09-13T21:41:49","guid":{"rendered":"http:\/\/www.9sac.com\/wp-content\/uploads\/2016\/09\/bebek-sarisi-sac-renkleri.jpg"},"modified":"2016-09-14T00:44:13","modified_gmt":"2016-09-13T21:44:13","slug":"bebek-sarisi-sac-renkleri","status":"inherit","type":"attachment","link":"https:\/\/www.9sac.com\/es\/bebek-sarisi-sac-rengi-ve-makyaj-uygulamasi\/bebek-sarisi-sac-renkleri\/","title":{"rendered":"Bebek Sar\u0131s\u0131 Sa\u00e7 Renkleri"},"author":1,"comment_status":"open","ping_status":"closed","template":"","meta":[],"description":{"rendered":"<p class=\"attachment\"><a href='https:\/\/www.9sac.com\/wp-content\/uploads\/2016\/09\/bebek-sarisi-sac-renkleri.jpg'><img decoding=\"async\" width=\"218\" height=\"300\" src=\"https:\/\/www.9sac.com\/wp-content\/uploads\/2016\/09\/bebek-sarisi-sac-renkleri-218x300.jpg\" class=\"attachment-medium size-medium\" alt=\"Bebek Sar\u0131s\u0131 Sa\u00e7 Renkleri\" srcset=\"https:\/\/www.9sac.com\/wp-content\/uploads\/2016\/09\/bebek-sarisi-sac-renkleri-218x300.jpg 218w, https:\/\/www.9sac.com\/wp-content\/uploads\/2016\/09\/bebek-sarisi-sac-renkleri.jpg 326w\" sizes=\"(max-width: 218px) 100vw, 218px\" \/><\/a><\/p>\n<p>Bebek sar\u0131s\u0131 sa\u00e7 rengi ve bu sa\u00e7 rengine uygun makyaj uygulamas\u0131n\u0131 bu konumuzda bebek sar\u0131s\u0131n\u0131 seven kad\u0131nlar i\u00e7in derledik. Galerimizde sizler i\u00e7in se\u00e7ti\u011fimiz resimleri inceleyebilirsiniz.<\/p>\n"},"caption":{"rendered":"<p>Bebek sar\u0131s\u0131 sa\u00e7 rengi ve bu sa\u00e7 rengine uygun makyaj uygulamas\u0131n\u0131 bu konumuzda bebek sar\u0131s\u0131n\u0131 seven kad\u0131nlar i\u00e7in derledik. Galerimizde sizler i\u00e7in se\u00e7ti\u011fimiz resimleri inceleyebilirsiniz.<\/p>\n"},"alt_text":"Bebek Sar\u0131s\u0131 Sa\u00e7 Renkleri","media_type":"image","mime_type":"image\/jpeg","media_details":{"width":326,"height":449,"file":"2016\/09\/bebek-sarisi-sac-renkleri.jpg","sizes":{"thumbnail":{"file":"bebek-sarisi-sac-renkleri-150x150.jpg","width":150,"height":150,"filesize":6666,"mime_type":"image\/jpeg","source_url":"https:\/\/www.9sac.com\/wp-content\/uploads\/2016\/09\/bebek-sarisi-sac-renkleri-150x150.jpg"},"medium":{"file":"bebek-sarisi-sac-renkleri-218x300.jpg","width":218,"height":300,"filesize":14336,"mime_type":"image\/jpeg","source_url":"https:\/\/www.9sac.com\/wp-content\/uploads\/2016\/09\/bebek-sarisi-sac-renkleri-218x300.jpg"},"full":{"file":"bebek-sarisi-sac-renkleri.jpg","width":326,"height":449,"mime_type":"image\/jpeg","source_url":"https:\/\/www.9sac.com\/wp-content\/uploads\/2016\/09\/bebek-sarisi-sac-renkleri.jpg"}},"image_meta":{"aperture":"0","credit":"","camera":"","caption":"","created_timestamp":"0","copyright":"","focal_length":"0","iso":"0","shutter_speed":"0","title":"","orientation":"0","keywords":[]},"filesize":33023},"post":2260,"source_url":"https:\/\/www.9sac.com\/wp-content\/uploads\/2016\/09\/bebek-sarisi-sac-renkleri.jpg","_links":{"self":[{"href":"https:\/\/www.9sac.com\/es\/wp-json\/wp\/v2\/media\/2267"}],"collection":[{"href":"https:\/\/www.9sac.com\/es\/wp-json\/wp\/v2\/media"}],"about":[{"href":"https:\/\/www.9sac.com\/es\/wp-json\/wp\/v2\/types\/attachment"}],"author":[{"embeddable":true,"href":"https:\/\/www.9sac.com\/es\/wp-json\/wp\/v2\/users\/1"}],"replies":[{"embeddable":true,"href":"https:\/\/www.9sac.com\/es\/wp-json\/wp\/v2\/comments?post=2267"}]}}

Bebek Sarısı Saç Renkleri

<p class="attachment"><a href='https://www.9sac.com/wp-content/uploads/2016/09/bebek-sarisi-sac-renkleri.jpg'><img decoding="async" width="218" height="300" src="https://www.9sac.com/wp-content/uploads/2016/09/bebek-sarisi-sac-renkleri-218x300.jpg" class="attachment-medium size-medium" alt="Bebek Sarısı Saç Renkleri" srcset="https://www.9sac.com/wp-content/uploads/2016/09/bebek-sarisi-sac-renkleri-218x300.jpg 218w, https://www.9sac.com/wp-content/uploads/2016/09/bebek-sarisi-sac-renkleri.jpg 326w" sizes="(max-width: 218px) 100vw, 218px" /></a></p>
<p>Bebek sarısı saç rengi ve bu saç rengine uygun makyaj uygulamasını bu konumuzda bebek sarısını seven kadınlar için derledik. Galerimizde sizler için seçtiğimiz resimleri inceleyebilirsiniz.</p>

<p>Bebek sarısı saç rengi ve bu saç rengine uygun makyaj uygulamasını bu konumuzda bebek sarısını seven kadınlar için derledik. Galerimizde sizler için seçtiğimiz resimleri inceleyebilirsiniz.</p>
