{"id":4184,"date":"2017-12-03T11:21:49","date_gmt":"2017-12-03T08:21:49","guid":{"rendered":"http:\/\/www.9sac.com\/wp-content\/uploads\/2017\/12\/2018-ombrelerde-yumsak-gecisler.jpg"},"modified":"2017-12-03T11:22:01","modified_gmt":"2017-12-03T08:22:01","slug":"2018-ombrelerde-yumsak-gecisler","status":"inherit","type":"attachment","link":"https:\/\/www.9sac.com\/es\/2018-ombrelerde-yumsak-gecisler\/","title":{"rendered":"2018 Ombrelerde yumu\u015fak ge\u00e7i\u015fler"},"author":1,"comment_status":"open","ping_status":"closed","template":"","meta":[],"description":{"rendered":"<p class=\"attachment\"><a href='https:\/\/www.9sac.com\/wp-content\/uploads\/2017\/12\/2018-ombrelerde-yumsak-gecisler.jpg'><img decoding=\"async\" width=\"258\" height=\"300\" src=\"https:\/\/www.9sac.com\/wp-content\/uploads\/2017\/12\/2018-ombrelerde-yumsak-gecisler-258x300.jpg\" class=\"attachment-medium size-medium\" alt=\"2018 Ombrelerde yumu\u015fak ge\u00e7i\u015fler\" srcset=\"https:\/\/www.9sac.com\/wp-content\/uploads\/2017\/12\/2018-ombrelerde-yumsak-gecisler-258x300.jpg 258w, https:\/\/www.9sac.com\/wp-content\/uploads\/2017\/12\/2018-ombrelerde-yumsak-gecisler.jpg 689w\" sizes=\"(max-width: 258px) 100vw, 258px\" \/><\/a><\/p>\n<p>2018 Ombrelerde yumu\u015fak ge\u00e7i\u015fler<\/p>\n"},"caption":{"rendered":"<p>2018 Ombrelerde yumu\u015fak ge\u00e7i\u015fler<\/p>\n"},"alt_text":"2018 Ombrelerde yumu\u015fak ge\u00e7i\u015fler","media_type":"image","mime_type":"image\/jpeg","media_details":{"width":689,"height":800,"file":"2017\/12\/2018-ombrelerde-yumsak-gecisler.jpg","sizes":{"thumbnail":{"file":"2018-ombrelerde-yumsak-gecisler-150x150.jpg","width":150,"height":150,"filesize":7093,"mime_type":"image\/jpeg","source_url":"https:\/\/www.9sac.com\/wp-content\/uploads\/2017\/12\/2018-ombrelerde-yumsak-gecisler-150x150.jpg"},"medium":{"file":"2018-ombrelerde-yumsak-gecisler-258x300.jpg","width":258,"height":300,"filesize":20775,"mime_type":"image\/jpeg","source_url":"https:\/\/www.9sac.com\/wp-content\/uploads\/2017\/12\/2018-ombrelerde-yumsak-gecisler-258x300.jpg"},"full":{"file":"2018-ombrelerde-yumsak-gecisler.jpg","width":689,"height":800,"mime_type":"image\/jpeg","source_url":"https:\/\/www.9sac.com\/wp-content\/uploads\/2017\/12\/2018-ombrelerde-yumsak-gecisler.jpg"}},"image_meta":{"aperture":"0","credit":"ahmet kekilli","camera":"","caption":"","created_timestamp":"1512299817","copyright":"","focal_length":"0","iso":"0","shutter_speed":"0","title":"","orientation":"0","keywords":[]},"filesize":114459},"post":null,"source_url":"https:\/\/www.9sac.com\/wp-content\/uploads\/2017\/12\/2018-ombrelerde-yumsak-gecisler.jpg","_links":{"self":[{"href":"https:\/\/www.9sac.com\/es\/wp-json\/wp\/v2\/media\/4184"}],"collection":[{"href":"https:\/\/www.9sac.com\/es\/wp-json\/wp\/v2\/media"}],"about":[{"href":"https:\/\/www.9sac.com\/es\/wp-json\/wp\/v2\/types\/attachment"}],"author":[{"embeddable":true,"href":"https:\/\/www.9sac.com\/es\/wp-json\/wp\/v2\/users\/1"}],"replies":[{"embeddable":true,"href":"https:\/\/www.9sac.com\/es\/wp-json\/wp\/v2\/comments?post=4184"}]}}

2018 Ombrelerde yumuşak geçişler

<p class="attachment"><a href='https://www.9sac.com/wp-content/uploads/2017/12/2018-ombrelerde-yumsak-gecisler.jpg'><img decoding="async" width="258" height="300" src="https://www.9sac.com/wp-content/uploads/2017/12/2018-ombrelerde-yumsak-gecisler-258x300.jpg" class="attachment-medium size-medium" alt="2018 Ombrelerde yumuşak geçişler" srcset="https://www.9sac.com/wp-content/uploads/2017/12/2018-ombrelerde-yumsak-gecisler-258x300.jpg 258w, https://www.9sac.com/wp-content/uploads/2017/12/2018-ombrelerde-yumsak-gecisler.jpg 689w" sizes="(max-width: 258px) 100vw, 258px" /></a></p>
<p>2018 Ombrelerde yumuşak geçişler</p>

<p>2018 Ombrelerde yumuşak geçişler</p>
